{"id":2,"date":"2016-05-10T03:48:21","date_gmt":"2016-05-10T01:48:21","guid":{"rendered":"http:\/\/sapieha-sledz.pl\/?page_id=2"},"modified":"2021-02-17T21:54:26","modified_gmt":"2021-02-17T20:54:26","slug":"sample-page","status":"publish","type":"page","link":"https:\/\/sapieha-sledz.pl\/","title":{"rendered":"Strona g\u0142\u00f3wna"},"content":{"rendered":"<h3 style=\"text-align: center;\">Witaj w mojej kancelarii<img loading=\"lazy\" decoding=\"async\" class=\" wp-image-96 aligncenter\" src=\"http:\/\/sapieha-sledz.pl\/wp-content\/uploads\/2018\/04\/Prawnik_Szczecin_porady_prawne_radca_prawny-705x1024.jpg\" alt=\"\" width=\"417\" height=\"606\" \/><\/h3>\n<p>Jestem radc\u0105 prawnym i \u015bwiadcz\u0119 us\u0142ugi w zakresie wszystkich dziedzin prawa. Zajmuj\u0119 si\u0119 doradztwem, sporz\u0105dzaniem pism i um\u00f3w, a tak\u017ce reprezentowaniem przed s\u0105dami i organami administracyjnymi i \u015bcigania.<br \/>\nW spos\u00f3b szczeg\u00f3lny zajmuj\u0119 si\u0119 prawem cywilnym i rodzinnym oraz sprawami o odszkodowania i b\u0142\u0119dami medycznymi.<br \/>\nZapraszam osoby fizyczne, podmioty gospodarcze oraz osoby prawne, jak r\u00f3wnie\u017c stowarzyszenia i fundacje.<\/p>\n<p><a href=\"http:\/\/sapieha-sledz.pl\/?page_id=48\">Wi\u0119cej o mnie&#8230;<\/a><\/p>\n<p>Zadzwo\u0144 teraz &#8211; tel:608651736<\/p>\n<hr \/>\n<div id=\"page-zones__main-widgets__58acab9f5bb1b\" class=\"widget content\">\n<div class=\"bk-content-text js-text-content wysihtml-editor-content\">\n<h1>Zakres us\u0142ug<\/h1>\n<\/div>\n<\/div>\n<div id=\"page-zones__main-widgets__58acab9f3c044\" class=\"widget space\"><img loading=\"lazy\" decoding=\"async\" class=\"size-full wp-image-107 aligncenter\" src=\"http:\/\/sapieha-sledz.pl\/wp-content\/uploads\/2018\/04\/android-icon-36x36-1.png\" alt=\"\" width=\"36\" height=\"36\" \/><\/div>\n<div>\n<h2 style=\"text-align: center;\"><span style=\"color: #333333;\"><span class=\"wysiwyg-font-size-larger\">Sprawy cywilne, rodzinne i opieku\u0144cze<\/span><\/span><\/h2>\n<p><img loading=\"lazy\" decoding=\"async\" class=\"alignright size-large wp-image-98\" src=\"http:\/\/sapieha-sledz.pl\/wp-content\/uploads\/2018\/04\/prawnik-szczecin-radca-prawny-kancelaria-odszkodowania-1024x683.jpg\" alt=\"\" width=\"648\" height=\"432\" srcset=\"https:\/\/sapieha-sledz.pl\/wp-content\/uploads\/2018\/04\/prawnik-szczecin-radca-prawny-kancelaria-odszkodowania-1024x683.jpg 1024w, https:\/\/sapieha-sledz.pl\/wp-content\/uploads\/2018\/04\/prawnik-szczecin-radca-prawny-kancelaria-odszkodowania-300x200.jpg 300w, https:\/\/sapieha-sledz.pl\/wp-content\/uploads\/2018\/04\/prawnik-szczecin-radca-prawny-kancelaria-odszkodowania-768x512.jpg 768w, https:\/\/sapieha-sledz.pl\/wp-content\/uploads\/2018\/04\/prawnik-szczecin-radca-prawny-kancelaria-odszkodowania-1536x1024.jpg 1536w, https:\/\/sapieha-sledz.pl\/wp-content\/uploads\/2018\/04\/prawnik-szczecin-radca-prawny-kancelaria-odszkodowania-1568x1045.jpg 1568w, https:\/\/sapieha-sledz.pl\/wp-content\/uploads\/2018\/04\/prawnik-szczecin-radca-prawny-kancelaria-odszkodowania.jpg 1920w\" sizes=\"auto, (max-width: 648px) 100vw, 648px\" \/><\/p>\n<ul>\n<li>b\u0142\u0119dy medyczne<\/li>\n<li>odszkodowania komunikacyjne i osobowe<\/li>\n<li>rozwody, alimenty, opieka na dzieckiem<\/li>\n<li>spadki<\/li>\n<\/ul>\n<p><a href=\"http:\/\/sapieha-sledz.pl\/?page_id=74\">Szczeg\u00f3\u0142y&#8230;<\/a><\/p>\n<\/div>\n<hr \/>\n<h2 style=\"text-align: center;\"><\/h2>\n<h2><img loading=\"lazy\" decoding=\"async\" class=\"size-full wp-image-107 aligncenter\" src=\"http:\/\/sapieha-sledz.pl\/wp-content\/uploads\/2018\/04\/android-icon-36x36-1.png\" alt=\"\" width=\"36\" height=\"36\" \/><\/h2>\n<h2 style=\"text-align: center;\"><span style=\"color: #333333;\"><a style=\"color: #333333;\" href=\"http:\/\/sapieha-sledz.pl\/?page_id=79\">Praca i sprawy administracyjne<\/a><\/span><\/h2>\n<p><img loading=\"lazy\" decoding=\"async\" class=\"alignright size-large wp-image-103\" src=\"http:\/\/sapieha-sledz.pl\/wp-content\/uploads\/2018\/04\/prawnik-szczecin-radca-prawny-kancelaria-praca-odszkodowania-sprawy-administracyjne-1024x768.jpg\" alt=\"\" width=\"648\" height=\"486\" srcset=\"https:\/\/sapieha-sledz.pl\/wp-content\/uploads\/2018\/04\/prawnik-szczecin-radca-prawny-kancelaria-praca-odszkodowania-sprawy-administracyjne-1024x768.jpg 1024w, https:\/\/sapieha-sledz.pl\/wp-content\/uploads\/2018\/04\/prawnik-szczecin-radca-prawny-kancelaria-praca-odszkodowania-sprawy-administracyjne-300x225.jpg 300w, https:\/\/sapieha-sledz.pl\/wp-content\/uploads\/2018\/04\/prawnik-szczecin-radca-prawny-kancelaria-praca-odszkodowania-sprawy-administracyjne-768x576.jpg 768w, https:\/\/sapieha-sledz.pl\/wp-content\/uploads\/2018\/04\/prawnik-szczecin-radca-prawny-kancelaria-praca-odszkodowania-sprawy-administracyjne-1536x1152.jpg 1536w, https:\/\/sapieha-sledz.pl\/wp-content\/uploads\/2018\/04\/prawnik-szczecin-radca-prawny-kancelaria-praca-odszkodowania-sprawy-administracyjne-1568x1176.jpg 1568w, https:\/\/sapieha-sledz.pl\/wp-content\/uploads\/2018\/04\/prawnik-szczecin-radca-prawny-kancelaria-praca-odszkodowania-sprawy-administracyjne.jpg 1920w\" sizes=\"auto, (max-width: 648px) 100vw, 648px\" \/><\/p>\n<ul>\n<li style=\"text-align: left;\">rozwi\u0105zanie umowy o prac\u0119 i \u015bwiadectwa pracy<\/li>\n<li style=\"text-align: left;\">mobbing<\/li>\n<li style=\"text-align: left;\">odwo\u0142ania od decyzji administracyjnych i skargi<\/li>\n<li style=\"text-align: left;\">ubezpieczenia spo\u0142eczne<\/li>\n<li><\/li>\n<\/ul>\n<div>\n<p><a href=\"http:\/\/sapieha-sledz.pl\/?page_id=79\">Szczeg\u00f3\u0142y&#8230;<\/a><\/p>\n<\/div>\n<hr \/>\n<h2><\/h2>\n<h2><img loading=\"lazy\" decoding=\"async\" class=\"size-full wp-image-107 aligncenter\" src=\"http:\/\/sapieha-sledz.pl\/wp-content\/uploads\/2018\/04\/android-icon-36x36-1.png\" alt=\"\" width=\"36\" height=\"36\" \/><\/h2>\n<section id=\"page-zones__main-widgets__58ac8cf681d29-zones__58ac8cf69eb50\" class=\"bk-zone column columns-two-left\">\n<div id=\"page-zones__main-widgets__58ac8cf681d29-zones__58ac8cf69eb50-widgets__58ac8cf6b7fc9\" class=\"widget content\">\n<div class=\"bk-content-text js-text-content wysihtml-editor-content\">\n<h2 style=\"text-align: center;\"><span style=\"color: #333333;\"><a style=\"color: #333333;\" href=\"http:\/\/sapieha-sledz.pl\/?page_id=81\">Sprawy karne i o wykroczenia<\/a><\/span><\/h2>\n<p><img loading=\"lazy\" decoding=\"async\" class=\"alignright size-large wp-image-100\" src=\"http:\/\/sapieha-sledz.pl\/wp-content\/uploads\/2018\/04\/prawnik-szczecin-radca-prawny-kancelaria-odszkodowania-sprawy-karne-wykroczenia-1024x768.jpg\" alt=\"\" width=\"648\" height=\"486\" srcset=\"https:\/\/sapieha-sledz.pl\/wp-content\/uploads\/2018\/04\/prawnik-szczecin-radca-prawny-kancelaria-odszkodowania-sprawy-karne-wykroczenia-1024x768.jpg 1024w, https:\/\/sapieha-sledz.pl\/wp-content\/uploads\/2018\/04\/prawnik-szczecin-radca-prawny-kancelaria-odszkodowania-sprawy-karne-wykroczenia-300x225.jpg 300w, https:\/\/sapieha-sledz.pl\/wp-content\/uploads\/2018\/04\/prawnik-szczecin-radca-prawny-kancelaria-odszkodowania-sprawy-karne-wykroczenia-768x576.jpg 768w, https:\/\/sapieha-sledz.pl\/wp-content\/uploads\/2018\/04\/prawnik-szczecin-radca-prawny-kancelaria-odszkodowania-sprawy-karne-wykroczenia-1536x1152.jpg 1536w, https:\/\/sapieha-sledz.pl\/wp-content\/uploads\/2018\/04\/prawnik-szczecin-radca-prawny-kancelaria-odszkodowania-sprawy-karne-wykroczenia-1568x1176.jpg 1568w, https:\/\/sapieha-sledz.pl\/wp-content\/uploads\/2018\/04\/prawnik-szczecin-radca-prawny-kancelaria-odszkodowania-sprawy-karne-wykroczenia.jpg 1920w\" sizes=\"auto, (max-width: 648px) 100vw, 648px\" \/><\/p>\n<ul>\n<li style=\"text-align: left;\">reprezentowanie pokrzywdzonych w post\u0119powaniu karnym<\/li>\n<li style=\"text-align: left;\">sporz\u0105dzanie prywatnych i subsydiarnych akt\u00f3w oskar\u017cenia<\/li>\n<li style=\"text-align: left;\">naprawienie szkody w post\u0119powaniu karnym<\/li>\n<li style=\"text-align: left;\">odszkodowania za nies\u0142uszne zatrzymanie lub skazanie<\/li>\n<\/ul>\n<\/div>\n<\/div>\n<div id=\"page-zones__main-widgets__58ac8cf681d29-zones__58ac8cf69eb50-widgets__58ac8d120b4cd\" class=\"widget button\">\n<div class=\"b-wrap widget-align-left\"><a href=\"http:\/\/sapieha-sledz.pl\/?page_id=81\"><span class=\"btnText\">Szczeg\u00f3\u0142y&#8230;<\/span><\/a><\/div>\n<div><\/div>\n<\/div>\n<\/section>\n<section id=\"page-zones__main-widgets__58ac8cf681d29-zones__58ac8cf6acab8\" class=\"bk-zone column columns-two-right\">\n<div id=\"page-zones__main-widgets__58ac8cf681d29-zones__58ac8cf6acab8-widgets__58ac8cf6c2a57\" class=\"widget image\">\n<hr \/>\n<p><img loading=\"lazy\" decoding=\"async\" class=\"size-full wp-image-107 aligncenter\" src=\"http:\/\/sapieha-sledz.pl\/wp-content\/uploads\/2018\/04\/android-icon-36x36-1.png\" alt=\"\" width=\"36\" height=\"36\" \/><\/p>\n<div id=\"page-zones__main-widgets__58a0ce64904e1\" class=\"widget responsivecolumns\">\n<section id=\"page-zones__main-widgets__58a0ce64904e1-zones__58a0ce64a785c\" class=\"bk-zone column columns-two-left\">\n<div id=\"page-zones__main-widgets__58a0ce64904e1-zones__58a0ce64a785c-widgets__58a0ce64be3b9\" class=\"widget content\">\n<div class=\"bk-content-text js-text-content wysihtml-editor-content\">\n<h2 style=\"text-align: center;\"><span style=\"color: #333333;\"><a style=\"color: #333333;\" href=\"http:\/\/sapieha-sledz.pl\/?page_id=84\">Podmioty gospodarcze i osoby prawne<\/a><\/span><\/h2>\n<p><img loading=\"lazy\" decoding=\"async\" class=\"alignright size-large wp-image-106\" src=\"http:\/\/sapieha-sledz.pl\/wp-content\/uploads\/2018\/04\/prawnik-szczecin-radca-prawny-ubezpieczenia-podmioty-gospodarcze-osoby-prawne-stowarzyszenia-1024x683.jpg\" alt=\"\" width=\"648\" height=\"432\" srcset=\"https:\/\/sapieha-sledz.pl\/wp-content\/uploads\/2018\/04\/prawnik-szczecin-radca-prawny-ubezpieczenia-podmioty-gospodarcze-osoby-prawne-stowarzyszenia-1024x683.jpg 1024w, https:\/\/sapieha-sledz.pl\/wp-content\/uploads\/2018\/04\/prawnik-szczecin-radca-prawny-ubezpieczenia-podmioty-gospodarcze-osoby-prawne-stowarzyszenia-300x200.jpg 300w, https:\/\/sapieha-sledz.pl\/wp-content\/uploads\/2018\/04\/prawnik-szczecin-radca-prawny-ubezpieczenia-podmioty-gospodarcze-osoby-prawne-stowarzyszenia-768x512.jpg 768w, https:\/\/sapieha-sledz.pl\/wp-content\/uploads\/2018\/04\/prawnik-szczecin-radca-prawny-ubezpieczenia-podmioty-gospodarcze-osoby-prawne-stowarzyszenia-1536x1025.jpg 1536w, https:\/\/sapieha-sledz.pl\/wp-content\/uploads\/2018\/04\/prawnik-szczecin-radca-prawny-ubezpieczenia-podmioty-gospodarcze-osoby-prawne-stowarzyszenia-1568x1046.jpg 1568w, https:\/\/sapieha-sledz.pl\/wp-content\/uploads\/2018\/04\/prawnik-szczecin-radca-prawny-ubezpieczenia-podmioty-gospodarcze-osoby-prawne-stowarzyszenia.jpg 1920w\" sizes=\"auto, (max-width: 648px) 100vw, 648px\" \/><\/p>\n<ul>\n<li>rejestrowanie i obs\u0142uga podmiot\u00f3w gospodarczych<\/li>\n<li>sporz\u0105dzanie projekt\u00f3w um\u00f3w sp\u00f3\u0142ek<\/li>\n<li>zam\u00f3wienia publiczne<\/li>\n<li>ochrona danych osobowych<\/li>\n<\/ul>\n<\/div>\n<\/div>\n<div id=\"page-zones__main-widgets__58a0ce64904e1-zones__58a0ce64a785c-widgets__58a0cea49f507\" class=\"widget button\">\n<div class=\"b-wrap widget-align-left\"><a href=\"http:\/\/sapieha-sledz.pl\/?page_id=84\"><span class=\"btnText\">Szczeg\u00f3\u0142y&#8230;<\/span><\/a><\/div>\n<\/div>\n<\/section>\n<\/div>\n<\/div>\n<\/section>\n<div class=\"widget image\"><\/div>\n<div><\/div>\n<div><\/div>\n<div><\/div>\n<section id=\"page-zones__main-widgets__58ac8cf681d29-zones__58ac8cf6acab8\" class=\"bk-zone column columns-two-right\">\n<section id=\"page-zones__main-widgets__58a4b06851ba2-zones__58a4b06870287\" class=\"bk-zone column columns-two-left\">\n<div id=\"page-zones__main-widgets__58a4b06851ba2-zones__58a4b06870287-widgets__58b0a79ec8e13\" class=\"widget button\">\n<hr \/>\n<\/div>\n<\/section>\n<section id=\"page-zones__main-widgets__58a4b06851ba2-zones__58a4b0687c745\" class=\"bk-zone column columns-two-right\">\n<h2 class=\"widget image\" style=\"text-align: left;\"><span style=\"color: #333333;\"><a style=\"color: #333333;\" href=\"http:\/\/sapieha-sledz.pl\/?page_id=60\"><span style=\"text-align: center;\">Wynagrodzenie<\/span><\/a><\/span><\/h2>\n<\/section>\n<div id=\"page-zones__main-widgets__58a4b06851ba2-zones__58a4b06870287-widgets__58a4b0688812d\" class=\"widget content\">\n<div class=\"bk-content-text js-text-content wysihtml-editor-content\">\n<p>Wysoko\u015b\u0107 wynagrodzenia ka\u017cdorazowo ustalana jest z Klientem indywidualnie i uzale\u017cniona jest od stopnia skomplikowania sprawy oraz terminu realizacji us\u0142ugi.<\/p>\n<\/div>\n<\/div>\n<div id=\"page-zones__main-widgets__58a4b06851ba2-zones__58a4b06870287-widgets__58b0a79ec8e13\" class=\"widget button\">\n<div><\/div>\n<div class=\"b-wrap widget-align-left\"><a href=\"http:\/\/sapieha-sledz.pl\/?page_id=60\"><span class=\"btnText\">Szczeg\u00f3\u0142y&#8230;<br \/>\n<\/span><\/a><\/div>\n<div><\/div>\n<\/div>\n<div><\/div>\n<div id=\"page-zones__main-widgets__58a4b06851ba2-zones__58a4b06870287-widgets__58b0a79ec8e13\" class=\"widget button\">\n<div>\n<hr \/>\n<div class=\"column columns-two-left\">\n<div id=\"page-zones__template-widgets__content-footercolumn1content1\" class=\"widget content \">\n<p><img loading=\"lazy\" decoding=\"async\" class=\"alignright wp-image-156 size-full\" src=\"http:\/\/sapieha-sledz.pl\/wp-content\/uploads\/2020\/02\/OIRP_logo-e1581521637700.jpg\" alt=\"\" width=\"200\" height=\"91\" \/><\/p>\n<div class=\"bk-content-text js-text-content wysihtml-editor-content\"><b>Kancelaria Radcy Prawnego<\/b><br \/>\n<b>Radca Prawny Ewa Sapieha-\u015aled\u017a<\/b><\/div>\n<div><\/div>\n<div class=\"bk-content-text js-text-content wysihtml-editor-content\"><b>Biuro \u015ar\u00f3dmie\u015bcie<\/b><\/div>\n<\/div>\n<\/div>\n<div class=\"column columns-two-right\">\n<div id=\"page-zones__template-widgets__content-footercolumn2content1\" class=\"widget content \">\n<div class=\"bk-content-text js-text-content wysihtml-editor-content\">\n<p style=\"text-align: left;\"><span class=\"wysiwyg-font-size-small\">Ul. Langiewicza 18\/18, <\/span><span class=\"wysiwyg-font-size-small\">72-263 Szczecin<\/span><\/p>\n<p>\u00a0<span class=\"wysiwyg-font-size-small\"><b>Biuro Mierzyn<\/b><\/span><\/p>\n<\/div>\n<div class=\"bk-content-text js-text-content wysihtml-editor-content\">Ul. Izydy 1a, 72-006 Mierzyn<\/div>\n<div><\/div>\n<div class=\"bk-content-text js-text-content wysihtml-editor-content\"><span class=\"wysiwyg-font-size-small\">Tel<\/span>.\u00a0608651736<\/div>\n<div class=\"bk-content-text js-text-content wysihtml-editor-content\"><span style=\"text-align: center;\">email: kancelaria@sapieha-sledz.pl<\/span><\/div>\n<div class=\"bk-content-text js-text-content wysihtml-editor-content\" style=\"text-align: center;\">\n<hr \/>\n<p><span class=\"wysiwyg-font-size-smaller\">\u00a9 Ewa Sapieha-\u015aled\u017a\u00a0<\/span><span class=\"wysiwyg-font-size-smaller\">2020<\/span><\/p>\n<\/div>\n<\/div>\n<\/div>\n<\/div>\n<\/div>\n<\/section>\n","protected":false},"excerpt":{"rendered":"<p>Witaj w mojej kancelarii Jestem radc\u0105 prawnym i \u015bwiadcz\u0119 us\u0142ugi w zakresie wszystkich dziedzin prawa. Zajmuj\u0119 si\u0119 doradztwem, sporz\u0105dzaniem pism i um\u00f3w, a tak\u017ce reprezentowaniem przed s\u0105dami i organami administracyjnymi i \u015bcigania. W spos\u00f3b szczeg\u00f3lny zajmuj\u0119 si\u0119 prawem cywilnym i rodzinnym oraz sprawami o odszkodowania i b\u0142\u0119dami medycznymi. Zapraszam osoby fizyczne, podmioty gospodarcze oraz osoby &hellip; <a href=\"https:\/\/sapieha-sledz.pl\/\" class=\"more-link\">Czytaj dalej <span class=\"screen-reader-text\">Strona g\u0142\u00f3wna<\/span><\/a><\/p>\n","protected":false},"author":1,"featured_media":0,"parent":0,"menu_order":0,"comment_status":"closed","ping_status":"closed","template":"page-templates\/full-width-page.php","meta":{"footnotes":""},"class_list":["post-2","page","type-page","status-publish","hentry"],"_links":{"self":[{"href":"https:\/\/sapieha-sledz.pl\/index.php\/wp-json\/wp\/v2\/pages\/2","targetHints":{"allow":["GET"]}}],"collection":[{"href":"https:\/\/sapieha-sledz.pl\/index.php\/wp-json\/wp\/v2\/pages"}],"about":[{"href":"https:\/\/sapieha-sledz.pl\/index.php\/wp-json\/wp\/v2\/types\/page"}],"author":[{"embeddable":true,"href":"https:\/\/sapieha-sledz.pl\/index.php\/wp-json\/wp\/v2\/users\/1"}],"replies":[{"embeddable":true,"href":"https:\/\/sapieha-sledz.pl\/index.php\/wp-json\/wp\/v2\/comments?post=2"}],"version-history":[{"count":2,"href":"https:\/\/sapieha-sledz.pl\/index.php\/wp-json\/wp\/v2\/pages\/2\/revisions"}],"predecessor-version":[{"id":198,"href":"https:\/\/sapieha-sledz.pl\/index.php\/wp-json\/wp\/v2\/pages\/2\/revisions\/198"}],"wp:attachment":[{"href":"https:\/\/sapieha-sledz.pl\/index.php\/wp-json\/wp\/v2\/media?parent=2"}],"curies":[{"name":"wp","href":"https:\/\/api.w.org\/{rel}","templated":true}]}}